Determine r(11).
9
Let d(o) = -o**3 - 4*o**2 + 6*o + 7. Let z be d(-5). Let i be (-60)/16 + 18/(-8) + z. Let q(l) = 2*l - 4. Calculate q(i).
-12
Let s(n) = -n**3 + 8*n**2 - 5. Let x be (21 + -17)*(-14)/(-8). Determine s(x).
44
Let c(j) = -2*j**3 + 10*j**2 - 3*j + 16. Let o be c(5). Let r(u) = -15*u**3 - u**2 + u. Give r(o).
-15
Let u(a) = -a + 11. Let o be (-6)/(-57) - (-224)/38. Suppose o*x = 45 + 9. Calculate u(x).
2
Let n = -92 + 102. Suppose n*w + 6*w + 48 = 0. Let k(v) = -1 + v - 4*v + 2*v. Give k(w).
2
Let y(p) = p**2 + 4*p + 2. Let l be -2*(4/(-10) - (-7)/(-70)). Suppose -x + 4*s - 26 = 0, 0*x + s = -x - l. Calculate y(x).
14
Let v(x) = -x**3 + x - 1. Let u(m) = -7*m**3 - 2*m**2 + 6*m - 5. Let s(i) = -u(i) + 5*v(i). Determine s(1).
3
Let w(b) = -2*b - 1. Let r(p) = -p + 1. Suppose -5 = 7*m + 2. Let l(d) = m*w(d) - 2*r(d). Calculate l(-2).
-9
Let x be 8/1 + 80/20. Let c(j) = j - 21. Calculate c(x).
-9
Let i(m) be the third derivative of -m**5/120 + 11*m**4/24 + 7*m**3/3 + 14*m**2. Let a(o) be the first derivative of i(o). Calculate a(6).
5
Let q(o) = o**3 + 17*o**2 + 15*o - 3. Suppose 4*b + 3*u + 49 = 0, -28 - 42 = 5*b + 2*u. What is q(b)?
13
Let o(v) be the first derivative of -v**6/120 - v**5/12 + 5*v**4/24 - 2*v**3/3 + 3*v**2/2 + 3. Let k(t) be the second derivative of o(t). What is k(-6)?
2
Suppose 4 = -4*r, 5 + 2 = 3*n - r. Suppose -3*h = c + 9, -5*h - 1 - 14 = 4*c. Suppose c = l - n*l. Let d(m) = -m**2 + m + 3. Calculate d(l).
3
Let g(d) = -1167*d**2 + 2 + 5 + 1166*d**2 - 6*d. What is g(-7)?
0
Let n(q) be the third derivative of -q**4/12 - 69*q**2. Give n(0).
0
Let x(n) be the first derivative of -13*n**2/2 + n + 6. Give x(-2).
27
Let m(a) be the first derivative of -a**2/2 - 5*a + 1. Let y = -703 + 708. What is m(y)?
-10
Let p(f) = 4*f + 14. Let x = 1337 - 1342. Determine p(x).
-6
Let p(n) = n**3 + 7*n**2 - n - 1. Let a be 448/15 - 20/(-150). Let k = a - 37. Determine p(k).
6
Let w(p) be the third derivative of -p**4/12 - p**3/2 - 5*p**2. Suppose -28*s - 32 = 24. Calculate w(s).
1
Let h be (12 + -13)*(-26)/2. Let s(a) = -2*a + 17. Determine s(h).
-9
Let j(l) = -2*l**3 + 7*l**2 - 10*l + 28. Let d be j(3). Let v(q) = q**3 - 7*q**2. What is v(d)?
0
Let s(x) = -x**2 - x + 2. Suppose -5*q = 15*q. Determine s(q).
2
Let w(h) be the third derivative of -h**4/24 - 19*h**2. Let g be w(-5). Let i(v) = -v**2 + 4*v - 2. What is i(g)?
-7
Let r(j) = 2*j - 12. Let d be r(6). Suppose -3*m + 15 = -d*m. Let c(z) = -m*z + 3*z - z**2 - 4*z. Give c(-6).
0
Suppose -z = -u + 14, u - z - 4*z = 30. Let n(q) = -5*q - u*q + 15*q - 1 - 5*q. What is n(-1)?
4
Let u(d) = 2574*d + 741. Let c(i) = 52*i + 15. Let q(n) = 247*c(n) - 5*u(n). Let t = 3 - 2. What is q(t)?
-26
Let l(a) = 2*a**2 - 5045 + 5049 - 6*a - 4*a**2. Give l(-5).
-16
Let b = 28 + -24. Suppose p = i - 4*p + 2, b*i - 10 = 2*p. Let a(o) = -3 - i*o - 2*o + o. Give a(-3).
9
Let f(c) = -305*c**2 + 8 + c**3 + 147*c**2 + 2*c + 151*c**2. What is f(7)?
22
Let l = -364 - -2189/6. Let c(p) be the third derivative of 1/60*p**5 - 1/4*p**4 - 4*p**2 + 0 + l*p**3 + 0*p. Calculate c(5).
0
Let j(r) = -r**2 + 2*r - 8. Let y(x) = x**2 - 4*x + 11. Let z(i) = 3*j(i) + 2*y(i). Determine z(-3).
-5
Let n(g) = g**3 - g + 53. Let j be (-6 - (-17 + 11))/(-2). Give n(j).
53
Let a(p) = 5*p**3 + 65*p**2 + 33*p - 33. Let z(y) = -y**3 - 13*y**2 - 7*y + 7. Let o(u) = -2*a(u) - 11*z(u). Give o(-12).
1
Let d(m) = 7*m**2 - 3*m - 3. Let s be d(-2). Let q = s - 26. Suppose -a - q = -1. Let n(r) = -3*r - 6. Give n(a).
6
Let b(i) = 2*i + 1. Suppose 4*t + 10 = -2*x + 60, 0 = 3*t + 5*x - 27. Suppose -3*y - 5 = -20, -t = 2*q - 4*y. Give b(q).
7
Suppose 0 = -22*q + 13*q + 36. Suppose -2*a + 5*m = 6, 2*m = -0*a + a + 2. Let l(v) = 2*v + v - 8*v + 2 + a*v**2. Determine l(q).
14
Let u(m) be the second derivative of -m**7/2520 - m**6/720 - 7*m**5/120 + m**4 + m**2 - 15*m. Let z(i) be the third derivative of u(i). Calculate z(0).
-7
Let g(d) = 3*d**2 - 4. Let f be (2 - -2) + -7 - 0/(-1). What is g(f)?
23
Let j(w) be the first derivative of -w + w**2 - 53 + 31 + 30. What is j(-1)?
-3
Let q be (3 - 1) + 5 + -5. Let l(d) = -d**2 + 3*d - 3. Calculate l(q).
-1
Let l(w) = -w**2 + 7*w + 6. Suppose -7*f = 10*f - 119. Suppose 0 = 13*a - 12*a - f. What is l(a)?
6
Let n(q) = 7*q + 3. Suppose 5*l = v - 27, -3*v - 5*l + 6*l = -11. Give n(v).
17
Let m(s) = s**2 - s - 4. Suppose 0*l + 10 = -4*q + 2*l, q + 2*l = 10. Suppose 5*k + 17 + 33 = q. Let c = k + 14. Calculate m(c).
8
Let p(h) = 18 - 12 + 12*h + 4. What is p(-4)?
-38
Let j(w) = w**2 + w - 12. Suppose 20 = -25*h + 21*h - 2*f, -10 = 5*h - 5*f. Give j(h).
0
Let b(d) be the second derivative of 0 + 7*d + 1/12*d**4 + 1/6*d**3 - 4*d**2. What is b(0)?
-8
Let i(p) = -p**2 + p. Let h(d) = -3*d**2 + d - 7. Let x(g) = h(g) - 4*i(g). Suppose 19 + 11 = 6*o. Determine x(o).
3
Let z(j) = -2. Let p(y) = y - 1. Let x be 4/18 - 130/18. Let a = x - -8. Let q(u) = a*p(u) - z(u). Give q(-4).
-3
Let u = -2029 - -2041. Let a(c) = -c**3 + 13*c**2 - 16*c + 16. Determine a(u).
-32
Let s(n) = -3*n**3 + n**2 + 4*n - 6. Let v(w) = -w**3 - w**2 - 1. Let r(o) = -s(o) + 2*v(o). Suppose 9 = 24*i - 21*i. Determine r(i).
-8
Let f(p) = -p**3 - 5*p**2 + 8*p + 1. Let r be f(-6). Let t(x) = -x - 10. Determine t(r).
1
Let o(g) = 11*g - 18. Let k be o(3). Let d(h) = h**2 - 15*h + 11. Give d(k).
11
Let u(a) = -5*a - 3. Let v = 5 + -8. Let j(g) = 4*g + 2. Let k(r) = v*u(r) - 4*j(r). What is k(3)?
-2
Let o(v) = -v + 3. Suppose -3*f + 109 = 5*d + 10, -4*f - 42 = -3*d. Suppose -4*z + z + d = 0. Determine o(z).
-3
Let f(j) = -1 + j - 1 - 8. Let u be 16/52 - 609/(-91). What is f(u)?
-3
Suppose 5*n + 13 = -2*c - 13, 0 = -2*c - 2*n - 14. Let j(y) = y**2 + 5*y + 4. Determine j(c).
-2
Let g(m) = -1. Let u(f) = -f**3 - 12*f**2 + 12*f - 6. Let s(d) = -6*g(d) - u(d). Determine s(-13).
-1
Let t(u) = -5*u**2 - 76. Let c(h) = 3*h**2 + 35. Let s(r) = -7*c(r) - 4*t(r). Give s(-8).
-5
Let m(i) = -7 + 3*i**2 + i - 2*i**2 + 6*i. Let v(z) = -z**3 - 25*z**2 - 7. Let j be v(-25). Determine m(j).
-7
Let y = -453 - -457. Let o(c) = c**3 - 6*c**2 + 7*c. Determine o(y).
-4
Suppose 125 = -j + 48. Let i be 4/(-14) - 176/j. Let f(v) = -v**3 + v**2 + 4*v - 3. Give f(i).
1
Let q(g) = -2*g**2 + 9*g - 6. Suppose -18 = -5*i + 2*p, 0 + 3 = 3*p. Let y be q(i). Let m(c) = -c. Let x(t) = -4*t - 3. Let w(r) = m(r) + x(r). Determine w(y).
7
Let x = 1756 + -1747. Let k(y) = 3*y + 2. Give k(x).
29
Let f(j) = -j + 4. Suppose 5*q + 0*q + 4*h + 58 = 0, -5*h = 4*q + 50. Give f(q).
14
Let q(h) = -h**3 - 13*h**2 - 7*h - 23. Let u(z) = 2*z**3 + 26*z**2 + 16*z + 44. Let n(y) = 5*q(y) + 3*u(y). Determine n(-12).
5
Let n(v) = -11*v**3 - v**2 + v. Let p = -29 - -32. Suppose -2*b = -p*b + 1. What is n(b)?
-11
Suppose 12*i - 3*i = i. Suppose 0 = -5*b - 3*v + 46, 4*b - 38 = 3*v - 6*v. Let m(r) = 0*r**2 + 2*r**2 - r**2 + b. Calculate m(i).
8
Let q = 12 - 108. Let n be (-16)/120 - q/45. Let h(k) = k**3 - 2*k**2 + k + 2. What is h(n)?
4
Let q(l) = l**3 + 5*l**2 - l - 16. Let m be q(-4). Suppose 0 = 4*g - 5*i - m, -2*g + 2*i + 1 + 3 = 0. Let f(h) = h - 1 - 5 - 2*h + 2*h. Determine f(g).
0
Let f(c) = -c**2 + 16*c - 26. Let o = 1034 - 1020. Calculate f(o).
2
Let f(b) = -b**3 - 5*b**2 + 3*b - 1. Let j be (124/434)/(0 - 1/21). What is f(j)?
17
Suppose 4*q + 2*r - 8 = 0, 3*q - 4*r + 10 - 38 = 0. Let i(z) be the third derivative of -z**4/24 - 5*z**3/6 - 8*z**2. Calculate i(q).
-9
Suppose 18 = 2*q + 2*m, -q = -0*m + 5*m - 9. Suppose 0 = 8*c - q*c - 6. Let a(o) = o + 13. Calculate a(c).
7
Let j(p) = 2*p**2 + 7*p - 15. Let k be j(2). Let m(h) = h**2 - 10*h + 15. Give m(k).
-6
Let j(h) = h**3 - 5*h**2 + 4*h. Let s be j(3). Let p = 12 + s. Suppose 2*l = -p, -30 = -5*i + 4*l - 8. Let f(m) = 3*m - 1. What is f(i)?
5
Let w(f) = f**2 - 11*f + 24. Let s be w(9). Let t(i) be the second derivative of -1/20*i**5 + s*i + i**2 + 0 + 1/3*i**4 - 1/2*i**3. Determine t(4).
-10
Let s be (-3)/(-2) - 1/(-2). Let n be (4/16)/(s/16). Let c(l) = 2*l + 3*l**3 + 0*l**3 + 8*l**2 - 11*l**n + 1. What is c(2)?
17
Let o = -1 - -17. Let g be o + -15 - 6/(-2). Let l(k) = 3*k - 6. Calculate l(g).
6
Let s(x) = x + 15 - 21 + 3. Determine s(4).
1
Let i(c) = 3*c**3 - 19*c**2 + 12*c - 17. Let n(a) = 5*a**3 - 28*a**2 + 19*a - 25. Let z(b) = 8*i(b) -